6 - -472) + -4 + (4 - 2)
4
Evaluate -86 + 2 - ((2 + -36 - -18) + 13).
-81
(-18 - 2) + 411 + -403
-12
Calculate -85 + ((-71 - -53) + (-2 - -18) - -4).
-83
(1274 - 1245) + (-3 - -2) + (-4 - (-7 + -5))
36
What is the value of -66 + (19 - (-137 + 72))?
18
Calculate 16 + (46 + -126 - -129).
65
Evaluate 0 + 0 - (-643 + 667).
-24
What is (8 - 7) + 1 + -7 + -47 + 88?
36
-9 + -5 + -11 + 30 + 2 + 16
23
Calculate -76 - -59 - ((-7 - -5) + -65).
50
Evaluate -5193 - -5176 - (-39 + 1).
21
What is the value of (-32 - (-58 + 23)) + -98?
-95
What is (5209 - 5202) + 11 + (0 - 1)?
17
What is -14 + 0 - (795 + -817) - -58?
66
What is (2 - (2 + 1)) + -144 - (-3427 - -3404)?
-122
What is the value of 4 + 6 + (-20 - -38 - -1)?
29
Evaluate -5 - (5 - (0 - (-5 + (-6 - -18)))).
-17
What is 44 + 0 + (-103 + 140 - 43)?
38
Calculate (1 - (-2 - (1 + -3) - 4)) + (-134 - -113).
-16
-50 + -78 + -12 + 155
15
Calculate 121 - (54 - (17 - 43)).
41
3 + -61 + -23 + 35
-46
0 + 9 - ((-87 + 20 - -1) + 194)
-119
What is the value of -40 + (-3 - -2) - (137 - (109 + 18))?
-51
Calculate 6 - -1 - (33 + -27 + 9) - (21 - 0).
-29
What is -32 + (-14 - (-15 + -4)) + -11 + 1?
-37
Evaluate (0 - 8 - -1) + -75 + 79 - -84.
81
Calculate 3 + (-6 - -6) - (557 - 471).
-83
-1 + -7 + -2 + 6 - (482 + -399)
-87
Calculate 47 + -20 + -18 + 1 - 26.
-16
Calculate 41 - (-14 - (-13 + 6 - 15 - -3)).
36
Evaluate 1 + 28 - (11267 + -11202).
-36
Evaluate (3 - 1 - (7 + 7)) + 3 + -27.
-36
(-45 - -20) + 22 - (-1 - -5 - 10)
3
Calculate -168 - -58 - -56 - 53.
-107
-4 + (10 - (-7 + -14 + 37))
-10
Evaluate 4 + -44 - (288 - 302).
-26
Evaluate 221 + -220 - (2 - -10) - (-30 - 1).
20
What is 29 + (-1 + -14 - 21 - -22)?
15
42 + (-81 - 55 - -228)
134
Evaluate 118 - (133 + (160 - 125)).
-50
What is the value of -43 - 0 - (258 + -288) - (-2 + 23)?
-34
What is the value of -5 - (-76 - -40) - 12?
19
-1 - 18 - (258 + (-8 - 224))
-45
What is 5 + -9 + 1 + (2 - ((-47 - -1) + 0))?
45
Calculate (-4 + 1 - (1 - 3 - 10)) + (-893 - -858).
-26
What is the value of 42 + -36 + (2 - -6 - (-17 + 20))?
11
What is the value of (-2 - (0 + 7) - (-20 + 7)) + 27?
31
What is the value of 7 + -33 - (-81 + 7 - -17)?
31
151 + -96 + 2 + 6 + 3 + -1
65
What is -52 + -1 - (-17 + -10 + -27 + 63)?
-62
Calculate (-9 + (-3 - -26) + -4 - 13) + 8 + 7.
12
Evaluate (1 + 2 - 1) + 7 - (3 + 24 + -80).
62
What is (119 - (-7 + 201)) + (0 - -3 - -1)?
-71
What is the value of -71 - ((23 - (12 + 4) - 18) + 4)?
-64
Calculate -19 + -6 + 72 - 70.
-23
Evaluate (20 - -9) + -47 - 17.
-35
4 + 0 + -13 + 44 - (8 + -13)
40
What is 0 + -1 - 12 - (-10 + -9)?
6
28 + -59 + 20 + 2 + 3 + 1
-5
What is the value of (-58 - -109 - 19) + -42?
-10
What is -42 + (37 - 22) - -65?
38
What is the value of -48 - ((0 - -2) + 15 - 0 - 7)?
-58
-4 - (-16 - (-62 - (2 + (19 - 6))))
-65
Evaluate 197 + -139 + 34 - 69.
23
Calculate (2 + -2 + -2 - -111) + (56 - 63 - -17).
119
Evaluate (15 - (-12 + 14 + 5) - 20) + -9.
-21
What is the value of 4 + -47 - (-58 + 64 + -5 + 2)?
-46
What is the value of (16 + 5 - 32) + (0 - -3) - -18?
10
Evaluate 65 - (-21 - (-26 - 45)).
15
What is (1 - -19) + -20 + 15 + (-2 - 63)?
-50
What is the value of -6 - -23 - (-299 + 364)?
-48
What is 11 + (-48 - -13 - 6 - -15)?
-15
Calculate 25 + 0 + (20 + -33 - 3).
9
5 - (-6 + (18 - -1) - 9)
1
What is -33 + (-35 - (-14 - 40))?
-14
What is 40 + (30 - 43) + -19?
8
What is 7 + -70 + (-1 + -17 + 10 - -8) + 10?
-53
(-13 + -5 - (4 - 10)) + -28
-40
What is 96 + -66 + 9 - 46?
-7
What is 15 - (-10 + 40) - 5 - -15 - (-135 + -2)?
132
What is the value of -92 - (38 - (-49 - -119))?
-60
What is the value of 551 + -507 - (22 + -51)?
73
Calculate -7 - -1 - (11 - (-38 + 40)).
-15
Evaluate 1 - 3 - (38 + (29 - -5 - 81)).
7
What is -52 + 0 + 6 - (4 + (-10 - 1))?
-39
What is 1 - (-42 + 45 - (7 - 1)) - 8?
-4
What is 11 - (162 - 135) - (1 + 24)?
-41
Calculate (-241 + 172 - -42) + -1 + (9 - 1).
-20
Evaluate -18 + 1 - (-70 - (-69 - -12)).
-4
Evaluate (17 - 85 - -47) + -25.
-46
62 + 36 + 35 + -30 + -46
57
(12 + -21 + 9 - -52) + -1 + 3 + 4
58
Evaluate 1737 + -1787 - (-18 + 1) - -129.
96
Evaluate (71 + 1 - 21) + -37.
14
Calculate (-80 - -76) + (22 - 5) + (9 - 72).
-50
Evaluate 11 + (1 - -6) + -17 - (1 - -2).
-2
(102 - -20) + -118 - (-49 - (-1 + 1)) - -3
56
Evaluate -11 + (16 - (17 + -11)) + -48.
-49
6 - 6 - (24 + -24) - (33 - (7 + -5))
-31
What is -10 - (-3 - (-4 - -2)) - (-19 - (4 - 7))?
7
Calculate -25 - (-11 + 8 + (-24 - (-39 - 15))).
-52
Evaluate 142 + (15 + 63 - 149).
71
What is -68 - -1 - (2177 + -2199 - (-16 - -2))?
-59
Evaluate 19 + -1 + (-301 - -239) + 26.
-18
What is the value of -1 + -48 + (9 - -5 - (18 - 16))?
-37
(-3 - -24) + -6 + -26 + (13 - -2)
4
Evaluate (-11 + 16 + 12 - 20 - 1) + -24.
-28
107 - (-101 - (-172 - -27))
63
Calculate 2 - 43 - (-2032 + 1986).
5
What is -64 - (6 + -6) - (-163 - -140)?
-41
Calculate -10 + (-5 + 3 - -7) + 23 + 17.
35
What is (3 - -22) + -13 - (-1 + 8)?
5
What is 32 + (-9 - 1 - (46 - (-32 - -76)))?
20
Calculate (-1 + -4 - (-12 + 14 + -6)) + 30.
29
Calculate -11 + -4 - (6 + -1 + 11 - (-20 + -7)).
-58
What is the value of -135 + 176 - (135 + (-23 - -13))?
-84
What is (0 - (-1 - (-1 - -2))) + -409 + (501 - 82)?
12
What is the value of -39 - (-6 - -4 - (0 + -2 + 6) - 4)?
-29
What is -43 + (127 - 107) - (1 + 1 + -5)?
-20
What is 17 + -16 + 0 + 5 + 551 + -518?
39
Calculate 9 - (0 + 59) - -31.
-19
What is the value of 165 + 25 + -16 + -102?
72
What is the value of -12 - 4 - (-2478 + 2352)?
110
-125 + 16 - -213 - 112
-8
64 + (-12 - 23) + 23
52
What is the value of 1377 + -1314 - (3 + -1 + (0 + -2 - -3))?
60
Evaluate (10 - 11 - (-8 - 3) - 5) + -2.
3
-16 + 25 + 17 + (-2 + 4 - 2)
26
(22 + -4 - 4) + 106 + -108 - 13
-1
Calculate -82 - (49 + 17) - -292.
144
Evaluate (85 - (75 - 59)) + 37.
106
Calculate 20 + -29 + 4 + -28.
-33
Calculate -11 - (-126 + 100 - -36).
-21
Evaluate -54 + ((10 - 24 - -9) + 19 - 15).
-55
Evaluate 35 - ((-92 - -46) + 36 + 30).
15
(5 - (-3 - -13)) + (-16 - (-4 + 2))
-19
Evaluate -93 + -72 + 66 + 12.
-87
-52 + 165 + 8 - 16
105
Evaluate -35 - -1 - (4 + -21 + -8 + 28 + -4).
-33
Evaluate -49 - (-122 - -45) - 14.
14
-46 + 2 + 5669 + -5555
70
What is the value of -8 + -40 - (-34 - 54)?
40
Calculate 0 + -12 + 8 + 161 + -192.
-35
-47 + 68 + -130 + 131
22
Evaluate (28 - 1) + (-2533 - -2359).
-147
What is the value of (9 - (-4 + -10 + 11)) + -77?
-65
What is -3 - 5 - (8 - 12 - (-64 - -2))?
-66
Evaluate 14 - (-54 + -8 + 75).
1
Evaluate -23 + (9 + (-24 - -17) - -12) + 26.
17
What is the value of -9 - -35 - (20 + -17 - (1 - 1))?
23
113 + -6 + -1 + (-36 - -21 - (-13 - -4))
100
What is 2 + 48 + -11 + -61?
-22
Evaluate 0 + -7 - (-70 + 50 - -7 - (0 + -1)).
5
22 - (77 - -17) - -160
88
What is the value of -76 + (-2 - 13 - (-28 + (-17 - -30))) - 5?
-81
What is the value of (-86 - (-32 - 66)) + -14?
-2
20 - (185 - 80 - 56)
-29
Calculate (15 - (17 + -22)) + -22 + 28.
26
Calculate 103 + (-16 - (9 - 23 - -20)).
81
(0 - -50) + 537 + -533 - 16
38
Calculate (-3 - -8) + (-10 - 1) + 10 - -2.
6
What is the value of (-70 - -29) + -118 + 22 + -8?
-145
What is the value of (-153 - (3 - 77)) + 115?
36
-31 - (0 - (-61 + 50))
-42
What is -18 + 11 + 16 + -24?
-15
What is the value of (1 - 3) + 6 + (-41 + -9 - (-24 + 7))?
-29
Evaluate (-55 - (-97 - -31)) + 29.
40
Calculate -54 + 71 + -11 + 0 + 0.
6
Evaluate -10 - (22 + -103 + -3 + 11) - 15.
48
-23 + (25 - 66 - -11 - -24)
-29
What is the value of -22 + 8 + -25 + 41 - (3 + 2 - -78)?
-81
Evaluate -87 + 103 - -56 - 46.
26
Evaluate 22 - (16 + (-122 - 0) - -37).
91
What is 0 + 11 + 4 - (8 + -47 + 14)?
40
Calculate (166 - 158) + (3 - 73).
-62
Calculate 7 - 14 - (7 + 1) - (-7 - -3).
-11
(-47 - (26 + -90 - -22)) + 4
-1
What is the value of (2 - -24) + -85 + (221 - 243)?
-81
Evaluate 54 - (-58 + 63 + -5 - (-1 - (0 - -1))).
52
(4 - 0) + -3 + (-907 - -824 - (-1 + 12))
-93
30 + (19 + -12 - (77 + -141))
101
What is the value of -5 - (-8 - (3 + -20 - -17)) - 15?
-12
What is (-14 - -2) + (4083 - 4081)?
-10
Calculate -54 - ((-17 - -9) + -27) - -76.
57
Calculate 59 + -31 + -38 - 24.
-34
What is (19 - (1 - 2)) + -3767 + 3787?
40
(19 - 26 - 14) + 7 - 12
-26
3 + 1 - ((199 - 69) + -191)
65
4 - (-4 + 3 - (-4 + 3 - 9) - 50)
45
Evaluate -55 + -14 + 29 + -3 - (-7 - -1).
-37
What is (0 - -11) + 22 + -18 + -87 + 27?
-45
What is the val